5 + 13 + -18 + 12?
2
-3 + -1 + (12 - 6)
2
What is -3 + (-2 + 3 - -2)?
0
What is the value of (-7 - -3 - -2) + -1 + 2?
-1
-5 + 5 + (5 - 5)
0
What is (-5 - (-2 + 4)) + (-2 - -4)?
-5
What is the value of -20 + 18 - (2 - 0)?
-4
What is 2 - -3 - (1 + 0)?
4
Calculate 14 + -14 - (0 + 1).
-1
What is the value of 0 - (-1 + -4 + 7 + 0)?
-2
What is -2 + (1 - 0) - (-5 + 6)?
-2
What is -2 - -3 - (5 - (2 - 2))?
-4
What is the value of 1 + -7 - (-16 + 19 - 14)?
5
What is the value of -2 + 0 - 0 - -5?
3
Evaluate -5 - (-1 + 2) - (30 + -27).
-9
Evaluate 6 + (1 - 5) - (-25 - -27).
0
What is the value of 2 + (0 - 0) - (-5 - -2)?
5
What is -6 - 3 - (16 + -27)?
2
What is -2 + -4 + -5 - -5?
-6
What is the value of 4 - (9 + -7 - 3)?
5
Evaluate 1 - (1 - (4 + -2)) - 2.
0
Calculate 1 - (-2 - 2 - (-8 + 8)).
5
Calculate 1 + 4 + 0 + -10 + 4.
-1
Evaluate -2 + -1 - (-8 - -6).
-1
Evaluate 0 + 13 + (-3 - 3).
7
What is -3 + (-3 + 13 - 5) + -5?
-3
-6 + (-6 - (-13 + 5))
-4
2 + (2 - (0 + 2)) + 2
4
What is 5 + (-5 + 8 - (3 + 0))?
5
What is (5 - 1 - 2 - 4) + -2?
-4
Evaluate (-6 - 0 - (12 + -15)) + 12.
9
Evaluate (3 - 4 - 5) + 5.
-1
Calculate -6 - ((5 - (13 + -2)) + 0).
0
(-5 + -1 - -8) + 0
2
Evaluate (10 - (-4 + 8)) + 2.
8
Evaluate (1 - 2) + (6 - 3) + -7.
-5
1 + (-3 + 3 - (1 - -1))
-1
What is (10 - 4) + -8 + 7?
5
Evaluate 5 + -5 + (-2 - -3).
1
Evaluate (-4 - -9) + -1 + -4 - 0.
0
(3 - 0) + (2 + -3 - 4)
-2
Calculate -1 + 9 - 6 - (-1 + 2).
1
What is (0 - (-3 - (2 + -1))) + -3?
1
-2 + -1 - (-5 - -5)
-3
Calculate 4 - (-3 - (-7 + 5)).
5
What is the value of -3 + (-1 - -9 - (-9 - -13))?
1
-2 - (-4 - (-3 - 2))
-3
What is the value of 14 + -17 - ((1 - 0) + -3)?
-1
Evaluate 3 + (0 - 1) + 2 + -9.
-5
What is -3 + 5 - (7 + -4)?
-1
What is the value of 3 - 2 - -3 - (3 + -1)?
2
Calculate -14 + 8 + (-1 - -5).
-2
What is the value of 7 + -12 - (10 - 11)?
-4
Calculate 4 + (6 + -20 - -8).
-2
What is the value of 6 + -13 + 6 + 3 + 0?
2
Evaluate (53 - 52) + (0 - 3).
-2
What is 6 + -1 - 9 - -4?
0
What is the value of 0 - (2 + -2 - (2 - 0))?
2
5 - 4 - (-1 - (-3 - -1))
0
What is the value of -5 + (-10 - -2) + 14 + -7?
-6
1 - -5 - 0 - (37 + -39)
8
Calculate -3 + 0 + (0 - -2) - 1.
-2
Calculate (0 - 7) + -60 + 68.
1
Calculate 29 + -37 - (-1 + 3).
-10
Calculate (1 - 0) + (6 - 6).
1
Calculate 1 + -2 + 4 + -4 + 4.
3
What is the value of 7 - (3 - (-2 - -1))?
3
7 - ((7 - -1) + -5)
4
Evaluate 2 + (-5 - (-2 - (-3 + 5))).
1
-9 + 6 + (-1 - 5)
-9
-13 + -2 + 5 + -2 + 4
-8
-2 + -7 + 0 - -3
-6
What is 8 + 1 + 13 + -15?
7
Evaluate 0 - -3 - (13 - (5 - -9)).
4
-5 + -1 + 1 + 3
-2
What is the value of 5 + (4 - 8) + -5 + 1?
-3
What is (7 - 2) + (-4 - 3 - 2)?
-4
What is the value of (7 - 10) + 3 - (6 + 0)?
-6
Evaluate 8 + (-12 + 20 - (6 + 1)).
9
Calculate -2 + 2 + 1 + -1 - -1.
1
What is the value of 6 - (11 + 5 + -4 + -3)?
-3
(4 - 5) + (-2 - (3 - 7))
1
Calculate 8 + -13 - (-6 - -1).
0
What is the value of -14 + (-4 - (-34 + 6))?
10
What is the value of 4 - 0 - (-8 + 2 - -9)?
1
-1 - (7 - (1 - -4))
-3
Evaluate -4 + (0 + 2 - (-28 - -33)).
-7
Evaluate 5 - (3 + -3 + (10 - 5)).
0
Calculate (-30 - -33) + (-2 + 1 - 2).
0
What is (2 - -4) + -9 + 6 + -2?
1
What is (-3 - -2) + 7 + -12?
-6
Calculate 1 + (3 - 2) - -1 - 4.
-1
What is the value of -13 - (-23 - -14) - -13?
9
What is 41 - 49 - (-11 + 0)?
3
Calculate (-5 + 2 - -6) + (-4 - 1).
-2
What is the value of -3 - -7 - (-2 - -5)?
1
-6 - (-19 - (-15 - -7))
5
What is the value of 3 - 1 - (-35 + 40)?
-3
Evaluate 3 + -3 + -1 + -3 - -4.
0
What is the value of -7 - (0 + 1 - (2 - -1))?
-5
Evaluate 4 + (-2 + -1 - (2 - 1)).
0
(-132 - -130) + (4 - 2 - -2)
2
0 + (-2 - -5 - -1)
4
What is 1 - (4 + -7) - (4 - 6)?
6
(12 - 3 - 8) + -11
-10
Evaluate 1 - 3 - (2 - 6).
2
What is the value of 3 + -8 + 2 + -2 - -3?
-2
What is the value of -1 + 3 - (-83 - -82)?
3
Evaluate -8 + -1 - (3 + 4 + -13).
-3
-3 - (-12 + -3 - -6)
6
Calculate 2 + (-4 - 0) + 5 + -2.
1
What is the value of -1 - (1 + 1 + -3 + 2)?
-2
Evaluate -16 - -23 - (-2 - (-6 + -4)).
-1
What is the value of 0 + -2 + (9 + -4 - 5)?
-2
What is the value of (53 - 47) + (-1 - 1)?
4
Evaluate -1 - 3 - -10 - (-1 - -2).
5
What is the value of 5 - 2 - (-13 + 5 - -4)?
7
What is the value of (0 - -7) + (-7 - (-5 + 7))?
-2
Evaluate (21 - (2 + 4)) + (-3 - 3).
9
Evaluate 5 - -1 - (-2 + 6).
2
What is the value of 2 - (1 + (-3 - 0)) - 1?
3
Evaluate 2 + (-2 - 1) + 0.
-1
What is -9 - (0 - (-3 + 14))?
2
What is -12 + 4 + 9 + -6 + 10?
5
Calculate 6 + 0 - 3 - 4.
-1
What is (-5 - 1) + -4 + 6?
-4
What is 2 + (6 - (-4 - (-7 + -1)))?
4
What is -2 + -3 + 12 + -4?
3
What is the value of -9 + (-3 - -11 - 4)?
-5
Calculate (6 - (2 + 3)) + -2.
-1
Calculate (-39 - -42) + (3 - -1).
7
What is (-4 - -4) + 0 - 2?
-2
What is the value of (7 - 2) + -38 + 35?
2
8 + 2 - (1 - -4)
5
(1 - -4) + (-4 - 0) - -3
4
What is the value of (-6 - 3) + 7 - 2?
-4
7 - (3 + 14 + -8)
-2
Calculate 9 - (-1 + -5 + 10).
5
-12 + 3 + 5 + 0
-4
What is the value of 8 + -9 - (0 - -1)?
-2
What is the value of (-7 - ((-3 - -2) + 4)) + 2?
-8
What is 5 + 2 + -5 + -4 - 2?
-4
Evaluate 0 + 3 + 2 + (2 - 7).
0
Evaluate 47 + -43 - (7 + -2 + -1).
0
Calculate 11 - (12 - (6 - -5)).
10
Calculate -35 + 37 + 0 + 4 + 0.
6
What is 2 + (-5 - -3) + 0 - 1?
-1
Evaluate -7 + 4 - (-3 - -2 - 4).
2
Evaluate -5 + (9 - (5 - 5)) - 2.
2
What is the value of -3 - (-2 - -2 - 4) - -2?
3
What is -2 - (7 + (-7 - -5) + -1)?
-6
What is (11 - 8) + -16 - (-3 + -2)?
-8
What is the value of -49 - -48 - (-1 + -3 + 2)?
1
What is the value of -3 - -2 - (-1 - 6)?
6
0 + -3 - -1 - (5 + -7)
0
Calculate -4 - ((0 - (-3 + 9)) + 2).
0
What is 0 + -11 + -50 + 55?
-6
What is 1 + 4 - 1 - (1 - -6)?
-3
Calculate 7 - (-3 + 0 - -5) - 5.
0
What is the value of 23 + (19 - 44) + 0 + -3?
-5
What is the value of -1 + (6 - 4) + -7?
-6
(-1 - (1 + -2)) + (2 - 2)
0
Calculate -3 + (0 - -8 - 2) + -5.
-2
What is 7 + -2 + (1 - 3)?
3
What is -4 - -2 - (-5 + 0)?
3
What is -5 - -3 - -7 - (3 - -2)?
0
0 + (-3 - (2 - 7))
2
Evaluate 7 + (-1 + -5 + 1 - -1).
3
What is (-1 - -1) + (-2 - -4)?
2
What is the value of (-11 - -15) + 4 - 15?
-7
-1 + -6 + (27 - 31) + 3
-8
-3 + 14 - 4 - 2
5
Calculate -1 + -24 - -9 - -9.
-7
What is the value of -4 + 4 + 0 + (-2 - 0)?
-2
What is the value of -1 + 0 + 3 + -1 - -3?
4
What is the value of (7 - (6 - -2)) + 2?
1
Evaluate -1 + 14 + -15 + 0 + 1.
-1
Calculate 4 - (-1 + 1 + 0).
4
Evaluate 0 - (0 + -2 - (-9 - -5)).
-2
Calculate -6 + 1 - (-34 - -32).
-3
What is the value of (14 + -12 - (0 + 0)) + -3?
-1
What is the value of -7 + 7 + 2 + -1 - -4?
5
Evaluate 1 + (-2 - 0) - (-24 + 23).
0
What is (-10 - -8) + (-1 - -1) - -3?
1
1 + 0 - (-32 + 30)
3
0 + 4 + (16 - 16)
4
Evaluate 0 - -1 - (-4 - (0 + -2)).
3
Calculate 6 - (-12 - -18) - (0 - -1).
-1
What is -1 + (7 - 15) + 14?
5
Calculate 3 - ((6 - 11) + 4).
4
Calculate -5 + (8 - (-1 + 0)) + -1.
3
(-5 - ((-3 - -3) + -5)) + 6
6
28 + -28 - (-3 - -14)
-11
Calculate 3 + -2 - -2 - 2.
1
What is 4 + -2 - (1 + 2 + -6)?
5
Evaluate (-1 + -1 - 1) + -59 + 58.
-4
Calculate 5 + -7 + 4 + -1.
1
What is the value of 4 - (14 - (-3 - -6 - -2))?
-5
Calculate -7 - -6 - (2 + 1 + -1).
-3
Evaluate 3 - 3 - (6 + -7 + 4).
-3
2 + (3 - 0) + 4 + -7
2
What is the value of 0 - -1 - (-3 - -5)?
-1
Evaluate -3 + (1 - (6 + 1 + -4)).
-5
4 + (-5 - -1) + 1
1
Evaluate -3 + 2 - (0 - -3).
-4
Calculate (22 - 12) + -11 - (-1 + 1).
-1
What is -3 - 1 - (-10 - -15)?
-9
3 + 7 - ((7 - 7) + 5)
5
What is 0 + 0 - (-3 - -1)?
2
-7 - 1 - (-95 - -93)
-6
What is -1 + 6 + -3 + 1?
3
Calculate (-22 - -21 - (-2 - 2)) + -4.
-1
What is the value of (-10 - 3) + 3 - -6?
-4
What is -2 + (-4 - -5) - -3?
2
What is 0 - (29 + -23 - (1 + 0))?
-5
2 - 4 - ((2 - 4) + -2)
2
Evaluate (-10 - -18) + -1 + -1.
6
Evaluate 38 + -41 - (1 + (-3 - 5)).
4
(1 - 4) + 1 + 0 + 0
-2
What is the value of 12 + (-11 - (-2 + -6))?
9
What is 25 + -20 - (-2 + 2)?
5
7 - (-3 + 10 - 4)
4
What is 16 + -16 + 1 + 5?
6
Evaluate 6 + (-5 - (5 + -5)).
1
Evaluate 0 - 1 - (22 + -28).
5
What is the value of 9 - (-8 - -5) - 19?
-7
What is -34 + 45 + (1 - 7)?
5
Calculate -3 + 15 + 5 + -12 - 7.
-2
What is the value of -9 + (-5 - -7) - -4?
-3
What is 0 + (-1 + 7 - 1)?
5
4 + (5 - (12 + -2)) + -6
-7
What is 0 + 0 + (2 + -1 - -3)?
4
What is the value of -4 - (-6 + -2 + 0 - -4)?
0
Calculate 5 - (-11 + 14 - -2).
0
What is the value of -8 - ((0 